{"id":1739,"date":"2024-09-28T13:58:58","date_gmt":"2024-09-28T13:58:58","guid":{"rendered":"https:\/\/escolademusicasantjoan.com\/?page_id=1739"},"modified":"2025-06-01T09:02:48","modified_gmt":"2025-06-01T09:02:48","slug":"bio-ruth-mari","status":"publish","type":"page","link":"https:\/\/escolademusicasantjoan.com\/ca\/bio-ruth-mari\/","title":{"rendered":"Bio Ruth Mar\u00ed"},"content":{"rendered":"<div  class='flex_column av-bilnv4-1b497cfe390d39a446ec80b8ca21359d av_one_full  avia-builder-el-0  el_before_av_heading  avia-builder-el-first  first flex_column_div'     ><\/div>\n\n<style type=\"text\/css\" data-created_by=\"avia_inline_auto\" id=\"style-css-av-mbdfmp7k-9fb24bfd4474a992edebbb2c282860bb\">\n#top .av-special-heading.av-mbdfmp7k-9fb24bfd4474a992edebbb2c282860bb{\npadding-bottom:10px;\n}\nbody .av-special-heading.av-mbdfmp7k-9fb24bfd4474a992edebbb2c282860bb .av-special-heading-tag .heading-char{\nfont-size:25px;\n}\n.av-special-heading.av-mbdfmp7k-9fb24bfd4474a992edebbb2c282860bb .av-subheading{\nfont-size:15px;\n}\n<\/style>\n<div  class='av-special-heading av-mbdfmp7k-9fb24bfd4474a992edebbb2c282860bb av-special-heading-h2 blockquote modern-quote modern-centered  avia-builder-el-1  el_after_av_one_full  el_before_av_one_full'><h2 class='av-special-heading-tag'  itemprop=\"headline\"  > <span class='special_amp'>\u201e<\/span>\u201eEn la m\u00fasica, com en la vida, cal saber improvisar\"<\/h2><div class=\"special-heading-border\"><div class=\"special-heading-inner-border\"><\/div><\/div><\/div>\n<div  class='flex_column av-wmla8-40222ecad50c89b2521da0bf9b215501 av_one_full  avia-builder-el-2  el_after_av_heading  el_before_av_one_full  first flex_column_div'     ><\/div>\n<div  class='flex_column av-av_one_full-a961ec8c42a44a397321d1a2224da3ca av_one_full  avia-builder-el-3  el_after_av_one_full  el_before_av_textblock  first flex_column_div  column-top-margin'     ><\/div>\n\n<style type=\"text\/css\" data-created_by=\"avia_inline_auto\" id=\"style-css-av-m1m7hzuq-c5ea38f5f63549e0c6359fb086ae9e22\">\n#top .av_textblock_section.av-m1m7hzuq-c5ea38f5f63549e0c6359fb086ae9e22 .avia_textblock{\nfont-size:19px;\n}\n<\/style>\n<section  class='av_textblock_section av-m1m7hzuq-c5ea38f5f63549e0c6359fb086ae9e22'   itemscope=\"itemscope\" itemtype=\"https:\/\/schema.org\/CreativeWork\" ><div class='avia_textblock'  itemprop=\"text\" ><div class=\"page\" title=\"Page 1\">\n<div class=\"section\">\n<div class=\"layoutArea\">\n<div class=\"column\">\n<p style=\"text-align: center;\">Sant Agust\u00ed des Vedr\u00e0, Eivissa 1989. La meva relaci\u00f3 amb la m\u00fasica em toca de b\u00e9 a prop. El meu pare era cantant i m\u00fasic i per casa sempre hi havia algun instrument musical aix\u00ed que suposo que per all\u00ed va comen\u00e7ar tot. De petita vaig comen\u00e7ar classes de piano a <em>Dorm\u00ed<\/em>vaig continuar a l'escola de m\u00fasica de <em>Can Blau<\/em> i vaig finalitzar el grau professional de piano al conservatori. He fet cursos de reparaci\u00f3 i manteniment d'instruments de vent-fusta i afinaci\u00f3 i manteniment de pianos. Actualment soc membre de la <em>Banda Simf\u00f2nica \u201eCiutat d'Eivissa\"<\/em> i de <em>l'Ensemble de Saxos <\/em>Estic graduada en Humanitats i estic cursant el grau en Educaci\u00f3 Prim\u00e0ria a la UOC.<\/p>\n<\/div>\n<\/div>\n<\/div>\n<\/div>\n<\/div><\/section>\n<div  class='flex_column av-81oa00-4262b06ab053099ff20abe0b01a3854f av_one_full  avia-builder-el-5  el_after_av_textblock  el_before_av_one_full  first flex_column_div  column-top-margin'     ><\/div>\n<div  class='flex_column av-6fzsww-5cb257f4e9fa936a09772b976b474934 av_one_full  avia-builder-el-6  el_after_av_one_full  el_before_av_button  first flex_column_div  column-top-margin'     ><\/div>\n<div  class='avia-button-wrap av-m1m7dyo3-7e56b0d6f58e084376afead7a5baa71d-wrap avia-button-center  avia-builder-el-7  el_after_av_one_full  el_before_av_one_full'><a href='https:\/\/escolademusicasantjoan.com\/ca\/profesorado\/'  class='avia-button av-m1m7dyo3-7e56b0d6f58e084376afead7a5baa71d av-link-btn avia-icon_select-no avia-size-small avia-position-center avia-color-theme-color'   aria-label=\"tornar\"><span class='avia_iconbox_title' >tornar<\/span><\/a><\/div>\n<div  class='flex_column av-csfeo-1594355d87a2d12b77cca1bdef427c67 av_one_full  avia-builder-el-8  el_after_av_button  el_before_av_one_full  first flex_column_div'     ><\/div>\n<div  class='flex_column av-6oqgg-043ffda34ee67ccaa0fd0b8037d0e95c av_one_full  avia-builder-el-9  el_after_av_one_full  avia-builder-el-last  first flex_column_div  column-top-margin'     ><\/div>","protected":false},"excerpt":{"rendered":"","protected":false},"author":2,"featured_media":1616,"parent":0,"menu_order":0,"comment_status":"closed","ping_status":"closed","template":"","meta":{"footnotes":""},"class_list":["post-1739","page","type-page","status-publish","has-post-thumbnail","hentry"],"yoast_head":"<!-- This site is optimized with the Yoast SEO plugin v25.2 - https:\/\/yoast.com\/wordpress\/plugins\/seo\/ -->\n<title>Bio Ruth Mar\u00ed &#062; Escola De M\u00fasica Sant Joan<\/title>\n<meta name=\"robots\" content=\"index, follow, max-snippet:-1, max-image-preview:large, max-video-preview:-1\" \/>\n<link rel=\"canonical\" href=\"https:\/\/escolademusicasantjoan.com\/ca\/bio-ruth-mari\/\" \/>\n<meta property=\"og:locale\" content=\"ca_ES\" \/>\n<meta property=\"og:type\" content=\"article\" \/>\n<meta property=\"og:title\" content=\"Bio Ruth Mar\u00ed &#062; Escola De M\u00fasica Sant Joan\" \/>\n<meta property=\"og:url\" content=\"https:\/\/escolademusicasantjoan.com\/ca\/bio-ruth-mari\/\" \/>\n<meta property=\"og:site_name\" content=\"Escola De M\u00fasica Sant Joan\" \/>\n<meta property=\"article:modified_time\" content=\"2025-06-01T09:02:48+00:00\" \/>\n<meta property=\"og:image\" content=\"https:\/\/escolademusicasantjoan.com\/wp-content\/uploads\/2024\/09\/PROFES-SANT-JOAN-2.png\" \/>\n\t<meta property=\"og:image:width\" content=\"500\" \/>\n\t<meta property=\"og:image:height\" content=\"500\" \/>\n\t<meta property=\"og:image:type\" content=\"image\/png\" \/>\n<meta name=\"twitter:card\" content=\"summary_large_image\" \/>\n<meta name=\"twitter:label1\" content=\"Temps estimat de lectura\" \/>\n\t<meta name=\"twitter:data1\" content=\"15 minuts\" \/>\n<script type=\"application\/ld+json\" class=\"yoast-schema-graph\">{\"@context\":\"https:\/\/schema.org\",\"@graph\":[{\"@type\":\"WebPage\",\"@id\":\"https:\/\/escolademusicasantjoan.com\/bio-ruth-mari\/\",\"url\":\"https:\/\/escolademusicasantjoan.com\/bio-ruth-mari\/\",\"name\":\"Bio Ruth Mar\u00ed &#062; Escola De M\u00fasica Sant Joan\",\"isPartOf\":{\"@id\":\"https:\/\/escolademusicasantjoan.com\/#website\"},\"primaryImageOfPage\":{\"@id\":\"https:\/\/escolademusicasantjoan.com\/bio-ruth-mari\/#primaryimage\"},\"image\":{\"@id\":\"https:\/\/escolademusicasantjoan.com\/bio-ruth-mari\/#primaryimage\"},\"thumbnailUrl\":\"https:\/\/escolademusicasantjoan.com\/wp-content\/uploads\/2024\/09\/IMG_5024-scaled.jpeg\",\"datePublished\":\"2024-09-28T13:58:58+00:00\",\"dateModified\":\"2025-06-01T09:02:48+00:00\",\"breadcrumb\":{\"@id\":\"https:\/\/escolademusicasantjoan.com\/bio-ruth-mari\/#breadcrumb\"},\"inLanguage\":\"ca\",\"potentialAction\":[{\"@type\":\"ReadAction\",\"target\":[\"https:\/\/escolademusicasantjoan.com\/bio-ruth-mari\/\"]}]},{\"@type\":\"ImageObject\",\"inLanguage\":\"ca\",\"@id\":\"https:\/\/escolademusicasantjoan.com\/bio-ruth-mari\/#primaryimage\",\"url\":\"https:\/\/escolademusicasantjoan.com\/wp-content\/uploads\/2024\/09\/IMG_5024-scaled.jpeg\",\"contentUrl\":\"https:\/\/escolademusicasantjoan.com\/wp-content\/uploads\/2024\/09\/IMG_5024-scaled.jpeg\",\"width\":1920,\"height\":2560},{\"@type\":\"BreadcrumbList\",\"@id\":\"https:\/\/escolademusicasantjoan.com\/bio-ruth-mari\/#breadcrumb\",\"itemListElement\":[{\"@type\":\"ListItem\",\"position\":1,\"name\":\"Portada\",\"item\":\"https:\/\/escolademusicasantjoan.com\/inicio\/\"},{\"@type\":\"ListItem\",\"position\":2,\"name\":\"Bio Ruth Mar\u00ed\"}]},{\"@type\":\"WebSite\",\"@id\":\"https:\/\/escolademusicasantjoan.com\/#website\",\"url\":\"https:\/\/escolademusicasantjoan.com\/\",\"name\":\"Escola De M\u00fasica Sant Joan\",\"description\":\"escuela de m\u00fasica\",\"publisher\":{\"@id\":\"https:\/\/escolademusicasantjoan.com\/#\/schema\/person\/376c9c4bab832235e877438a59f9a3da\"},\"potentialAction\":[{\"@type\":\"SearchAction\",\"target\":{\"@type\":\"EntryPoint\",\"urlTemplate\":\"https:\/\/escolademusicasantjoan.com\/?s={search_term_string}\"},\"query-input\":{\"@type\":\"PropertyValueSpecification\",\"valueRequired\":true,\"valueName\":\"search_term_string\"}}],\"inLanguage\":\"ca\"},{\"@type\":[\"Person\",\"Organization\"],\"@id\":\"https:\/\/escolademusicasantjoan.com\/#\/schema\/person\/376c9c4bab832235e877438a59f9a3da\",\"name\":\"Escola M\u00fasica San Joan\",\"image\":{\"@type\":\"ImageObject\",\"inLanguage\":\"ca\",\"@id\":\"https:\/\/escolademusicasantjoan.com\/#\/schema\/person\/image\/\",\"url\":\"https:\/\/escolademusicasantjoan.com\/wp-content\/uploads\/2024\/09\/Invertido.png\",\"contentUrl\":\"https:\/\/escolademusicasantjoan.com\/wp-content\/uploads\/2024\/09\/Invertido.png\",\"width\":480,\"height\":480,\"caption\":\"Escola M\u00fasica San Joan\"},\"logo\":{\"@id\":\"https:\/\/escolademusicasantjoan.com\/#\/schema\/person\/image\/\"}}]}<\/script>\n<!-- \/ Yoast SEO plugin. -->","yoast_head_json":{"title":"Bio Ruth Mar\u00ed &#062; Escola De M\u00fasica Sant Joan","robots":{"index":"index","follow":"follow","max-snippet":"max-snippet:-1","max-image-preview":"max-image-preview:large","max-video-preview":"max-video-preview:-1"},"canonical":"https:\/\/escolademusicasantjoan.com\/ca\/bio-ruth-mari\/","og_locale":"ca_ES","og_type":"article","og_title":"Bio Ruth Mar\u00ed &#062; Escola De M\u00fasica Sant Joan","og_url":"https:\/\/escolademusicasantjoan.com\/ca\/bio-ruth-mari\/","og_site_name":"Escola De M\u00fasica Sant Joan","article_modified_time":"2025-06-01T09:02:48+00:00","og_image":[{"width":500,"height":500,"url":"https:\/\/escolademusicasantjoan.com\/wp-content\/uploads\/2024\/09\/PROFES-SANT-JOAN-2.png","type":"image\/png"}],"twitter_card":"summary_large_image","twitter_misc":{"Temps estimat de lectura":"15 minuts"},"schema":{"@context":"https:\/\/schema.org","@graph":[{"@type":"WebPage","@id":"https:\/\/escolademusicasantjoan.com\/bio-ruth-mari\/","url":"https:\/\/escolademusicasantjoan.com\/bio-ruth-mari\/","name":"Bio Ruth Mar\u00ed &#062; Escola De M\u00fasica Sant Joan","isPartOf":{"@id":"https:\/\/escolademusicasantjoan.com\/#website"},"primaryImageOfPage":{"@id":"https:\/\/escolademusicasantjoan.com\/bio-ruth-mari\/#primaryimage"},"image":{"@id":"https:\/\/escolademusicasantjoan.com\/bio-ruth-mari\/#primaryimage"},"thumbnailUrl":"https:\/\/escolademusicasantjoan.com\/wp-content\/uploads\/2024\/09\/IMG_5024-scaled.jpeg","datePublished":"2024-09-28T13:58:58+00:00","dateModified":"2025-06-01T09:02:48+00:00","breadcrumb":{"@id":"https:\/\/escolademusicasantjoan.com\/bio-ruth-mari\/#breadcrumb"},"inLanguage":"ca","potentialAction":[{"@type":"ReadAction","target":["https:\/\/escolademusicasantjoan.com\/bio-ruth-mari\/"]}]},{"@type":"ImageObject","inLanguage":"ca","@id":"https:\/\/escolademusicasantjoan.com\/bio-ruth-mari\/#primaryimage","url":"https:\/\/escolademusicasantjoan.com\/wp-content\/uploads\/2024\/09\/IMG_5024-scaled.jpeg","contentUrl":"https:\/\/escolademusicasantjoan.com\/wp-content\/uploads\/2024\/09\/IMG_5024-scaled.jpeg","width":1920,"height":2560},{"@type":"BreadcrumbList","@id":"https:\/\/escolademusicasantjoan.com\/bio-ruth-mari\/#breadcrumb","itemListElement":[{"@type":"ListItem","position":1,"name":"Portada","item":"https:\/\/escolademusicasantjoan.com\/inicio\/"},{"@type":"ListItem","position":2,"name":"Bio Ruth Mar\u00ed"}]},{"@type":"WebSite","@id":"https:\/\/escolademusicasantjoan.com\/#website","url":"https:\/\/escolademusicasantjoan.com\/","name":"Escola De M\u00fasica Sant Joan","description":"escuela de m\u00fasica","publisher":{"@id":"https:\/\/escolademusicasantjoan.com\/#\/schema\/person\/376c9c4bab832235e877438a59f9a3da"},"potentialAction":[{"@type":"SearchAction","target":{"@type":"EntryPoint","urlTemplate":"https:\/\/escolademusicasantjoan.com\/?s={search_term_string}"},"query-input":{"@type":"PropertyValueSpecification","valueRequired":true,"valueName":"search_term_string"}}],"inLanguage":"ca"},{"@type":["Person","Organization"],"@id":"https:\/\/escolademusicasantjoan.com\/#\/schema\/person\/376c9c4bab832235e877438a59f9a3da","name":"Escola M\u00fasica San Joan","image":{"@type":"ImageObject","inLanguage":"ca","@id":"https:\/\/escolademusicasantjoan.com\/#\/schema\/person\/image\/","url":"https:\/\/escolademusicasantjoan.com\/wp-content\/uploads\/2024\/09\/Invertido.png","contentUrl":"https:\/\/escolademusicasantjoan.com\/wp-content\/uploads\/2024\/09\/Invertido.png","width":480,"height":480,"caption":"Escola M\u00fasica San Joan"},"logo":{"@id":"https:\/\/escolademusicasantjoan.com\/#\/schema\/person\/image\/"}}]}},"_links":{"self":[{"href":"https:\/\/escolademusicasantjoan.com\/ca\/wp-json\/wp\/v2\/pages\/1739","targetHints":{"allow":["GET"]}}],"collection":[{"href":"https:\/\/escolademusicasantjoan.com\/ca\/wp-json\/wp\/v2\/pages"}],"about":[{"href":"https:\/\/escolademusicasantjoan.com\/ca\/wp-json\/wp\/v2\/types\/page"}],"author":[{"embeddable":true,"href":"https:\/\/escolademusicasantjoan.com\/ca\/wp-json\/wp\/v2\/users\/2"}],"replies":[{"embeddable":true,"href":"https:\/\/escolademusicasantjoan.com\/ca\/wp-json\/wp\/v2\/comments?post=1739"}],"version-history":[{"count":5,"href":"https:\/\/escolademusicasantjoan.com\/ca\/wp-json\/wp\/v2\/pages\/1739\/revisions"}],"predecessor-version":[{"id":2279,"href":"https:\/\/escolademusicasantjoan.com\/ca\/wp-json\/wp\/v2\/pages\/1739\/revisions\/2279"}],"wp:featuredmedia":[{"embeddable":true,"href":"https:\/\/escolademusicasantjoan.com\/ca\/wp-json\/wp\/v2\/media\/1616"}],"wp:attachment":[{"href":"https:\/\/escolademusicasantjoan.com\/ca\/wp-json\/wp\/v2\/media?parent=1739"}],"curies":[{"name":"wp","href":"https:\/\/api.w.org\/{rel}","templated":true}]}}

Bio Ruth Marí

<div  class='flex_column av-bilnv4-1b497cfe390d39a446ec80b8ca21359d av_one_full  avia-builder-el-0  el_before_av_heading  avia-builder-el-first  first flex_column_div'     ></div>

<style type="text/css" data-created_by="avia_inline_auto" id="style-css-av-mbdfmp7k-9fb24bfd4474a992edebbb2c282860bb">
#top .av-special-heading.av-mbdfmp7k-9fb24bfd4474a992edebbb2c282860bb{
padding-bottom:10px;
}
body .av-special-heading.av-mbdfmp7k-9fb24bfd4474a992edebbb2c282860bb .av-special-heading-tag .heading-char{
font-size:25px;
}
.av-special-heading.av-mbdfmp7k-9fb24bfd4474a992edebbb2c282860bb .av-subheading{
font-size:15px;
}
</style>
<div  class='av-special-heading av-mbdfmp7k-9fb24bfd4474a992edebbb2c282860bb av-special-heading-h2 blockquote modern-quote modern-centered  avia-builder-el-1  el_after_av_one_full  el_before_av_one_full'><h2 class='av-special-heading-tag'  itemprop="headline"  > <span class='special_amp'>„</span>„En la música, com en la vida, cal saber improvisar"</h2><div class="special-heading-border"><div class="special-heading-inner-border"></div></div></div>
<div  class='flex_column av-wmla8-40222ecad50c89b2521da0bf9b215501 av_one_full  avia-builder-el-2  el_after_av_heading  el_before_av_one_full  first flex_column_div'     ></div>
<div  class='flex_column av-av_one_full-a961ec8c42a44a397321d1a2224da3ca av_one_full  avia-builder-el-3  el_after_av_one_full  el_before_av_textblock  first flex_column_div  column-top-margin'     ></div>

<style type="text/css" data-created_by="avia_inline_auto" id="style-css-av-m1m7hzuq-c5ea38f5f63549e0c6359fb086ae9e22">
#top .av_textblock_section.av-m1m7hzuq-c5ea38f5f63549e0c6359fb086ae9e22 .avia_textblock{
font-size:19px;
}
</style>
<section  class='av_textblock_section av-m1m7hzuq-c5ea38f5f63549e0c6359fb086ae9e22'   itemscope="itemscope" itemtype="https://schema.org/CreativeWork" ><div class='avia_textblock'  itemprop="text" ><div class="page" title="Page 1">
<div class="section">
<div class="layoutArea">
<div class="column">
<p style="text-align: center;">Sant Agustí des Vedrà, Eivissa 1989. La meva relació amb la música em toca de bé a prop. El meu pare era cantant i músic i per casa sempre hi havia algun instrument musical així que suposo que per allí va començar tot. De petita vaig començar classes de piano a <em>Dormí</em>vaig continuar a l'escola de música de <em>Can Blau</em> i vaig finalitzar el grau professional de piano al conservatori. He fet cursos de reparació i manteniment d'instruments de vent-fusta i afinació i manteniment de pianos. Actualment soc membre de la <em>Banda Simfònica „Ciutat d'Eivissa"</em> i de <em>l'Ensemble de Saxos </em>Estic graduada en Humanitats i estic cursant el grau en Educació Primària a la UOC.</p>
</div>
</div>
</div>
</div>
</div></section>
<div  class='flex_column av-81oa00-4262b06ab053099ff20abe0b01a3854f av_one_full  avia-builder-el-5  el_after_av_textblock  el_before_av_one_full  first flex_column_div  column-top-margin'     ></div>
<div  class='flex_column av-6fzsww-5cb257f4e9fa936a09772b976b474934 av_one_full  avia-builder-el-6  el_after_av_one_full  el_before_av_button  first flex_column_div  column-top-margin'     ></div>
<div  class='avia-button-wrap av-m1m7dyo3-7e56b0d6f58e084376afead7a5baa71d-wrap avia-button-center  avia-builder-el-7  el_after_av_one_full  el_before_av_one_full'><a href='https://escolademusicasantjoan.com/ca/profesorado/'  class='avia-button av-m1m7dyo3-7e56b0d6f58e084376afead7a5baa71d av-link-btn avia-icon_select-no avia-size-small avia-position-center avia-color-theme-color'   aria-label="tornar"><span class='avia_iconbox_title' >tornar</span></a></div>
<div  class='flex_column av-csfeo-1594355d87a2d12b77cca1bdef427c67 av_one_full  avia-builder-el-8  el_after_av_button  el_before_av_one_full  first flex_column_div'     ></div>
<div  class='flex_column av-6oqgg-043ffda34ee67ccaa0fd0b8037d0e95c av_one_full  avia-builder-el-9  el_after_av_one_full  avia-builder-el-last  first flex_column_div  column-top-margin'     ></div>

<!-- This site is optimized with the Yoast SEO plugin v25.2 - https://yoast.com/wordpress/plugins/seo/ -->
<title>Bio Ruth Marí &#062; Escola De Música Sant Joan</title>
<meta name="robots" content="index, follow, max-snippet:-1, max-image-preview:large, max-video-preview:-1" />
<link rel="canonical" href="https://escolademusicasantjoan.com/ca/bio-ruth-mari/" />
<meta property="og:locale" content="ca_ES" />
<meta property="og:type" content="article" />
<meta property="og:title" content="Bio Ruth Marí &#062; Escola De Música Sant Joan" />
<meta property="og:url" content="https://escolademusicasantjoan.com/ca/bio-ruth-mari/" />
<meta property="og:site_name" content="Escola De Música Sant Joan" />
<meta property="article:modified_time" content="2025-06-01T09:02:48+00:00" />
<meta property="og:image" content="https://escolademusicasantjoan.com/wp-content/uploads/2024/09/PROFES-SANT-JOAN-2.png" />
	<meta property="og:image:width" content="500" />
	<meta property="og:image:height" content="500" />
	<meta property="og:image:type" content="image/png" />
<meta name="twitter:card" content="summary_large_image" />
<meta name="twitter:label1" content="Temps estimat de lectura" />
	<meta name="twitter:data1" content="15 minuts" />
<script type="application/ld+json" class="yoast-schema-graph">{"@context":"https://schema.org","@graph":[{"@type":"WebPage","@id":"https://escolademusicasantjoan.com/bio-ruth-mari/","url":"https://escolademusicasantjoan.com/bio-ruth-mari/","name":"Bio Ruth Marí &#062; Escola De Música Sant Joan","isPartOf":{"@id":"https://escolademusicasantjoan.com/#website"},"primaryImageOfPage":{"@id":"https://escolademusicasantjoan.com/bio-ruth-mari/#primaryimage"},"image":{"@id":"https://escolademusicasantjoan.com/bio-ruth-mari/#primaryimage"},"thumbnailUrl":"https://escolademusicasantjoan.com/wp-content/uploads/2024/09/IMG_5024-scaled.jpeg","datePublished":"2024-09-28T13:58:58+00:00","dateModified":"2025-06-01T09:02:48+00:00","breadcrumb":{"@id":"https://escolademusicasantjoan.com/bio-ruth-mari/#breadcrumb"},"inLanguage":"ca","potentialAction":[{"@type":"ReadAction","target":["https://escolademusicasantjoan.com/bio-ruth-mari/"]}]},{"@type":"ImageObject","inLanguage":"ca","@id":"https://escolademusicasantjoan.com/bio-ruth-mari/#primaryimage","url":"https://escolademusicasantjoan.com/wp-content/uploads/2024/09/IMG_5024-scaled.jpeg","contentUrl":"https://escolademusicasantjoan.com/wp-content/uploads/2024/09/IMG_5024-scaled.jpeg","width":1920,"height":2560},{"@type":"BreadcrumbList","@id":"https://escolademusicasantjoan.com/bio-ruth-mari/#breadcrumb","itemListElement":[{"@type":"ListItem","position":1,"name":"Portada","item":"https://escolademusicasantjoan.com/inicio/"},{"@type":"ListItem","position":2,"name":"Bio Ruth Marí"}]},{"@type":"WebSite","@id":"https://escolademusicasantjoan.com/#website","url":"https://escolademusicasantjoan.com/","name":"Escola De Música Sant Joan","description":"escuela de música","publisher":{"@id":"https://escolademusicasantjoan.com/#/schema/person/376c9c4bab832235e877438a59f9a3da"},"potentialAction":[{"@type":"SearchAction","target":{"@type":"EntryPoint","urlTemplate":"https://escolademusicasantjoan.com/?s={search_term_string}"},"query-input":{"@type":"PropertyValueSpecification","valueRequired":true,"valueName":"search_term_string"}}],"inLanguage":"ca"},{"@type":["Person","Organization"],"@id":"https://escolademusicasantjoan.com/#/schema/person/376c9c4bab832235e877438a59f9a3da","name":"Escola Música San Joan","image":{"@type":"ImageObject","inLanguage":"ca","@id":"https://escolademusicasantjoan.com/#/schema/person/image/","url":"https://escolademusicasantjoan.com/wp-content/uploads/2024/09/Invertido.png","contentUrl":"https://escolademusicasantjoan.com/wp-content/uploads/2024/09/Invertido.png","width":480,"height":480,"caption":"Escola Música San Joan"},"logo":{"@id":"https://escolademusicasantjoan.com/#/schema/person/image/"}}]}</script>
<!-- / Yoast SEO plugin. -->

Bio Ruth Marí &#062; Escola De Música Sant Joan

Escola De Música Sant Joan

escuela de música

Escola Música San Joan
